{"id":228,"date":"2021-01-28T20:59:14","date_gmt":"2021-01-28T20:59:14","guid":{"rendered":"https:\/\/www.howkeys.com\/?post_type=product&#038;p=228"},"modified":"2024-06-23T12:13:10","modified_gmt":"2024-06-23T12:13:10","slug":"office-365-5tb-one-drive","status":"publish","type":"product","link":"https:\/\/www.howkeys.com\/?product=office-365-5tb-one-drive","title":{"rendered":"5TB One Drive + Office 365"},"content":{"rendered":"<p style=\"text-align: left;\">Instrucciones:<\/p>\n<p>Una vez confirmado el pago, en unas horas recibir\u00e1 en su correo la cuenta.<\/p>\n<p>Entrar en office.com,<br \/>\niniciar sesion, introducir correo y contrase\u00f1a que te mandamos,<br \/>\na continuaci\u00f3n podr\u00e1 cambiar la contrase\u00f1a,<br \/>\ndeber\u00e1 verificar con su correo electr\u00f3nico habitual, le mandar\u00e1n un correo a su direcci\u00f3n con el c\u00f3digo,<br \/>\nverifique y a disfrutar.<\/p>\n<p>-Si desea que la cuenta lleve su nombre p\u00f3ngalo en \u00abNotas del pedido\u00bb al hacer su pedido.<\/p>\n<p>-No se puede cambiar el email principal.<\/p>\n<p>-Tendr\u00e1 acceso web a toda la suite de office y one drive, tambi\u00e9n desde iphone, android, windows y mac.<\/p>\n","protected":false},"excerpt":{"rendered":"<p>5TB One Drive + Office 365 \u00a1\u00a1PARA SIEMPRE!!<\/p>\n","protected":false},"featured_media":235,"comment_status":"open","ping_status":"closed","template":"","meta":[],"product_brand":[],"product_cat":[49],"product_tag":[51,54,50,52,53],"class_list":{"0":"post-228","1":"product","2":"type-product","3":"status-publish","4":"has-post-thumbnail","6":"product_cat-office","7":"product_tag-51","8":"product_tag-5-tb","9":"product_tag-office","10":"product_tag-office-365","11":"product_tag-one-drive","13":"first","14":"outofstock","15":"virtual","16":"sold-individually","17":"purchasable","18":"product-type-simple"},"_links":{"self":[{"href":"https:\/\/www.howkeys.com\/index.php?rest_route=\/wp\/v2\/product\/228","targetHints":{"allow":["GET"]}}],"collection":[{"href":"https:\/\/www.howkeys.com\/index.php?rest_route=\/wp\/v2\/product"}],"about":[{"href":"https:\/\/www.howkeys.com\/index.php?rest_route=\/wp\/v2\/types\/product"}],"replies":[{"embeddable":true,"href":"https:\/\/www.howkeys.com\/index.php?rest_route=%2Fwp%2Fv2%2Fcomments&post=228"}],"wp:featuredmedia":[{"embeddable":true,"href":"https:\/\/www.howkeys.com\/index.php?rest_route=\/wp\/v2\/media\/235"}],"wp:attachment":[{"href":"https:\/\/www.howkeys.com\/index.php?rest_route=%2Fwp%2Fv2%2Fmedia&parent=228"}],"wp:term":[{"taxonomy":"product_brand","embeddable":true,"href":"https:\/\/www.howkeys.com\/index.php?rest_route=%2Fwp%2Fv2%2Fproduct_brand&post=228"},{"taxonomy":"product_cat","embeddable":true,"href":"https:\/\/www.howkeys.com\/index.php?rest_route=%2Fwp%2Fv2%2Fproduct_cat&post=228"},{"taxonomy":"product_tag","embeddable":true,"href":"https:\/\/www.howkeys.com\/index.php?rest_route=%2Fwp%2Fv2%2Fproduct_tag&post=228"}],"curies":[{"name":"wp","href":"https:\/\/api.w.org\/{rel}","templated":true}]}}