{"id":557,"date":"2025-01-29T16:08:29","date_gmt":"2025-01-29T16:08:29","guid":{"rendered":"https:\/\/www.howkeys.com\/?post_type=product&#038;p=557"},"modified":"2026-02-02T19:33:10","modified_gmt":"2026-02-02T19:33:10","slug":"iptv-europa-1-mes","status":"publish","type":"product","link":"https:\/\/www.howkeys.com\/?product=iptv-europa-1-mes","title":{"rendered":"IPTV EUROPA 1 MES"},"content":{"rendered":"<h2 class=\"w-text us_custom_c10e025b\"><span class=\"w-text-h\"><span class=\"w-text-value\">Comprar lista IPTV. Disfruta de canales premium, pel\u00edculas y series en alta calidad sin interrupciones. Suscr\u00edbete ahora para entretenimiento ilimitado, estable y confiable.<\/span><\/span><\/h2>\n<p>V\u00e1lido para Espa\u00f1a, Francia, Alemania, etc. Todos los pa\u00edses de la UE.<\/p>\n<p>Instrucciones:<\/p>\n<ul>\n<li>Compre su lista IPTV<\/li>\n<li>Recibir\u00e1 un email con su lista IPTV m\u00e1ximo en 24h\/48h.<\/li>\n<li>Se puede visualizar en cualquier APP IOS\/ANDROID o en APP SMART TV<\/li>\n<\/ul>\n","protected":false},"excerpt":{"rendered":"<p>Lista IPTV EUROPA 1 MES<\/p>\n","protected":false},"featured_media":548,"comment_status":"open","ping_status":"closed","template":"","meta":[],"product_brand":[],"product_cat":[79],"product_tag":[65,64,80,81],"class_list":{"0":"post-557","1":"product","2":"type-product","3":"status-publish","4":"has-post-thumbnail","6":"product_cat-iptv","7":"product_tag-espana","8":"product_tag-europa","9":"product_tag-iptv","10":"product_tag-tv","12":"first","13":"instock","14":"sale","15":"virtual","16":"purchasable","17":"product-type-simple"},"_links":{"self":[{"href":"https:\/\/www.howkeys.com\/index.php?rest_route=\/wp\/v2\/product\/557","targetHints":{"allow":["GET"]}}],"collection":[{"href":"https:\/\/www.howkeys.com\/index.php?rest_route=\/wp\/v2\/product"}],"about":[{"href":"https:\/\/www.howkeys.com\/index.php?rest_route=\/wp\/v2\/types\/product"}],"replies":[{"embeddable":true,"href":"https:\/\/www.howkeys.com\/index.php?rest_route=%2Fwp%2Fv2%2Fcomments&post=557"}],"wp:featuredmedia":[{"embeddable":true,"href":"https:\/\/www.howkeys.com\/index.php?rest_route=\/wp\/v2\/media\/548"}],"wp:attachment":[{"href":"https:\/\/www.howkeys.com\/index.php?rest_route=%2Fwp%2Fv2%2Fmedia&parent=557"}],"wp:term":[{"taxonomy":"product_brand","embeddable":true,"href":"https:\/\/www.howkeys.com\/index.php?rest_route=%2Fwp%2Fv2%2Fproduct_brand&post=557"},{"taxonomy":"product_cat","embeddable":true,"href":"https:\/\/www.howkeys.com\/index.php?rest_route=%2Fwp%2Fv2%2Fproduct_cat&post=557"},{"taxonomy":"product_tag","embeddable":true,"href":"https:\/\/www.howkeys.com\/index.php?rest_route=%2Fwp%2Fv2%2Fproduct_tag&post=557"}],"curies":[{"name":"wp","href":"https:\/\/api.w.org\/{rel}","templated":true}]}}